prime factors of g(-11).
2, 23
Let c(q) = q - 4. Let n be c(7). Suppose 0 = n*z - z. Let k = 5 - z. What are the prime factors of k?
5
Suppose -111 = 5*f + 2*j, j = -3*f - 0*j - 67. What are the prime factors of 3*(f/(-3) - -2)?
29
Let m be (-4)/(-6)*21/1. Let i be (-124)/20 + (-2)/(-10). Let w = m + i. List the prime factors of w.
2
Let z be (2/1)/(-1 + 2). Let n(r) = -2*r**2 - 2*r - 4. Let k be n(6). What are the prime factors of z/3 + k/(-12)?
2
Let v = 34 + -21. List the prime factors of v.
13
Let c(q) = -q + 82. List the prime factors of c(0).
2, 41
Suppose 7 + 4 = v. Suppose m - v = k, 0 = 4*m - 0*k + 4*k - 44. Suppose -5*n + 34 = -m. What are the prime factors of n?
3
Let m be -3 + 1 - (14 + -2). Let n = 56 + m. List the prime factors of n.
2, 3, 7
Let u be (2 - 1)*-1*2. Let w = 30 - u. What are the prime factors of w?
2
Suppose 2*r = -3*y + 124, r = -4*y - 8 + 165. List the prime factors of y.
2, 19
Suppose -4*i - 3*f + 567 = 0, -4*f - 145 = -i - 8*f. List the prime factors of i.
3, 47
Let g(m) = -13*m - 3. Let r(k) = 1. Let p(v) = -g(v) - 2*r(v). List the prime factors of p(1).
2, 7
Suppose -43 = -m + 37. Suppose 5*s = -0*s + m. Suppose q + q + s = 2*p, -4*p - 5*q = -41. List the prime factors of p.
3
Let j = 0 + -2. Let c(i) = -23*i - 1. Let v be c(j). Suppose v = 2*a + 5. What are the prime factors of a?
2, 5
Let y be (-94)/3*(-18)/12. Let w = -27 + y. What are the prime factors of w?
2, 5
Let y = 36 - 15. List the prime factors of y.
3, 7
Let f(w) = -4*w - 19. What are the prime factors of f(-8)?
13
List the prime factors of 540/21 - (-4)/14.
2, 13
Let y = 15 - 24. Let t = 17 + y. List the prime factors of t.
2
Suppose 9 = 3*q - n + 2, -3*q = -4*n - 1. Suppose q*w - 7 - 7 = 4*m, 4*w - 16 = 4*m. List the prime factors of w.
2
Let w(z) = -6 + z**2 + 13*z - 1 - 11*z + 1. List the prime factors of w(-6).
2, 3
Suppose 4*t = -t - 8840. Let i be t/(-28) - (-2)/(-14). Let g = i - 42. List the prime factors of g.
3, 7
What are the prime factors of (563 + 16)*2/6?
193
Suppose 2*m = -8 - 8. Let v(s) = s**3 + 9*s**2 + 6*s - 6. List the prime factors of v(m).
2, 5
Let x(l) = -5*l**2 + 1. Let f be x(1). Let v = f - 12. Let n = v - -27. List the prime factors of n.
11
Let w = -19 + 64. List the prime factors of w.
3, 5
Let f(g) = g**2 + 9*g - 16. Let u be f(-11). What are the prime factors of ((-2)/(-3))/(u/63)?
7
What are the prime factors of 17/4 - (-6)/8?
5
Suppose 148*v - 144*v = 96. List the prime factors of v.
2, 3
Suppose -246 = -4*n - 50. Let z = n - 72. Let i = -12 - z. What are the prime factors of i?
11
Let t be ((-23)/(-2))/((-6)/(-12)). Let a = t + 6. What are the prime factors of a?
29
Let l = 16 + -19. What are the prime factors of 75/9*(0 - l)?
5
Let u(x) be the first derivative of x**3/3 + 7*x**2/2 - 3*x - 1. Suppose 5*g = -i - 55 + 11, -3*i - 36 = 3*g. What are the prime factors of u(g)?
5
Let a = -86 - -48. Let k = -25 - a. List the prime factors of k.
13
Let f be 0/((0 - -3)/(-3)). Suppose -3*y + 33 - 9 = f. List the prime factors of y.
2
Suppose 5*r + g = -0*g + 598, 3*g + 246 = 2*r. Suppose -d - q = 2*d - 64, 5*d = -5*q + r. What are the prime factors of d?
2, 5
List the prime factors of (2 + 63/14)*(-1 - -15).
7, 13
Let d = 1 + -1. Let j(z) = 5 + 3*z + d + 3*z**2 - 3. List the prime factors of j(-2).
2
Suppose -28 = -m + 55. What are the prime factors of m?
83
Suppose 4*s - 3*a - 3 = 0, 0 = -3*a - 2*a + 15. Suppose -x - 3 = -2*j, s*j = 2*x + 3*x + 1. What are the prime factors of j?
2
Suppose 3*u = -u - 20. Let r be (15/6 - 2)*4. List the prime factors of (-60)/25*u/r.
2, 3
Let v be (-6)/10 - 8/20. Let s be 2 + 4*v - 5. Let f = -5 - s. List the prime factors of f.
2
Suppose 0*k - 2*k = -60. Suppose 0 = -2*y + 3*j + 12, y + 3*y - 22 = 5*j. Suppose 0 = y*p + 4*h - 48, -3*p - 2*h = -6*p + k. What are the prime factors of p?
2, 3
Let n = 10 + -15. List the prime factors of (-5)/2*114/n.
3, 19
Let h(g) be the second derivative of -g**4/12 - 7*g**3/6 + g**2/2 + 3*g. What are the prime factors of h(-4)?
13
Suppose -17 = -4*l + 11. Let o = -4 - -6. Suppose f - o*f = -l. List the prime factors of f.
7
List the prime factors of (6/8)/((-3)/(-8)).
2
Let t(u) = -u**3 + 23*u**2 + 26*u + 4. What are the prime factors of t(24)?
2, 13
What are the prime factors of 1*49 + 15/(-10)*2?
2, 23
Let m be (-3)/2 + (-27)/2. Let a = m - -10. Let h(j) = -j**2 - 8*j - 3. List the prime factors of h(a).
2, 3
Suppose b - 134 = -b - 2*i, -219 = -3*b + 3*i. What are the prime factors of b?
2, 5, 7
Let q(l) = l**2 + 2 + 5*l + 0*l**2 + 3. Suppose -3*n - n = -5*g - 14, -g + 4*n = -10. List the prime factors of q(g).
11
Let m = 448 - 185. List the prime factors of m.
263
Let x be (-4 - -5) + -34 + 1. What are the prime factors of 2 + 16/(-4) - x?
2, 3, 5
Suppose 277 + 296 = 3*v. List the prime factors of v.
191
List the prime factors of 10 + -6 + (80 - -2).
2, 43
Suppose -5*q = 3*h - 131, h + 69 = 3*q - 2*h. List the prime factors of q.
5
Let c = 99 + -33. List the prime factors of c.
2, 3, 11
Suppose x = -u + 37, 4*x = 4*u - 8 + 148. List the prime factors of x.
2, 3
Let r(j) = j**3 - 3*j**2 + 2*j - 4. Let s be r(3). Suppose -17 = -s*i + 5. What are the prime factors of i?
11
What are the prime factors of (-228)/(-10)*70/21 - 2?
2, 37
Let k = -227 - -422. List the prime factors of k.
3, 5, 13
What are the prime factors of 59*-4*(54/12)/(-9)?
2, 59
Let x be (4/1)/(-2 + 4). Let o = 28 + -42. List the prime factors of 2 - o - (-1 + x).
3, 5
Let s = 4 + -1. Suppose 5*q + s + 4 = a, 0 = -4*a - 5*q + 103. Suppose -3*d + a = -d. What are the prime factors of d?
11
Suppose 7*d = 451 + 228. What are the prime factors of d?
97
Let q(v) be the second derivative of v**4/24 - 2*v**3/3 - v**2/2 + v. Let u(j) be the first derivative of q(j). List the prime factors of u(6).
2
Suppose 19*u = 18*u + 157. What are the prime factors of u?
157
Suppose 2*k - 12 = -2*j, 2 = -3*k + 3*j - j. Let x = -1 + k. Suppose -5 = 2*h + x, -17 = -2*u + 3*h. What are the prime factors of u?
2
Let w = 253 - 48. What are the prime factors of w?
5, 41
Let p(b) = 4*b**3 + 2*b**2 - 6*b - 4. Let u(g) = 7*g**3 + 4*g**2 - 12*g - 8. Let o(a) = 5*p(a) - 3*u(a). What are the prime factors of o(-4)?
2, 3
Let q be 20/(-70) - (-254)/7. Let f = 66 - q. What are the prime factors of f?
2, 3, 5
Suppose 3*p = 7*p + 32. Let f be (-1 - 1)*12/p. Suppose 2*k = 2*i + 4, 2*k = f*k + 3*i - 18. List the prime factors of k.
2, 3
Suppose 5*b + y + 3*y - 172 = 0, 0 = -3*b - y + 99. What are the prime factors of b?
2
Suppose 0 = n + 1 + 4. Let a(w) = w**3 + 5*w**2. Let j be a(n). List the prime factors of 9 + (-2 - (0 - j)).
7
Let q(s) = 3*s**2 + 2*s**3 + 3 + 3*s + 3*s**3 - 4*s**3 + 2*s**2. List the prime factors of q(-4).
7
Let b = -15 + 9. Let z = b - -10. What are the prime factors of z?
2
Let h(o) = o + 39. List the prime factors of h(-12).
3
Let p(s) = 3 + 7*s + 0*s**2 + 1 - s**2. Let u be -2 + (1 - -1) - -6. List the prime factors of p(u).
2, 5
Let r(m) = -5*m**2 + 4*m + 3 + 3*m**2 + 4*m**2. Let y be r(-6). Let x = y - 35. What are the prime factors of x?
2
Let v(l) = -16*l - 36. What are the prime factors of v(-20)?
2, 71
Suppose 0 = 9*j - 8*j + 20. Let m be ((-24)/10)/(6/j). Suppose 4*s - 5*l = 16, -2*s - l = -3*l - m. List the prime factors of s.
2
Let g be 13 + (-2)/2 + -1. Suppose g + 17 = v. List the prime factors of v.
2, 7
Suppose 2*a + 4 = 3*a. List the prime factors of 30/a + (-3)/2.
2, 3
Let w = -1 + 3. Suppose u - w*u + 2 = 0. Suppose q = a - 8, 4*a + u*q = 2*a + 28. List the prime factors of a.
11
Let h(x) = x**3 - 4*x**2 - 5*x + 2. Let m be h(5). List the prime factors of (-1 - 1) + 8/m.
2
Let w(x) = x**3 - 7*x**2 + 6*x + 7. Let q be w(6). Let g be 5*(9/(-5) + 1). Let z = g + q. What are the prime factors of z?
3
Let z(i) = i**2 - 9*i - 8. Let m be z(10). Suppose -4*r + 4*n + 40 = 0, r + 2*n + 12 = 37. Let f = r - m. What are the prime factors of f?
13
Suppose -7*k - 90 = -12*k. What are the prime factors of ((-3)/2)/(k/(-372))?
31
Let k = -58 + 305. List the prime factors of k.
13, 19
Let v = 203 - 115. What are the prime factors of v?
2, 11
Suppose 15*b = 4*b + 583. What are the prime factors of b?
53
Suppose -z = -2*z + 8. Suppose j = 7 + z. What are the prime factors of j?
3, 5
Suppose d = -2*d 